92 - m. What is the tens digit of h?
7
Let r = 605 + 241. What is the units digit of r?
6
Let v(n) = -6*n + 12. Let h(w) = w**3 - 20*w**2 - 21*w + 9. Let c be h(21). Let k be v(c). What is the units digit of (-2)/(k/1791) - (-2)/(-7)?
5
Let c = -3588 + 11259. What is the units digit of c?
1
Let w(j) = 12*j + 13. Suppose -8*g = -13*g + 200. Let x = 44 - g. What is the units digit of w(x)?
1
Let l(s) = -3*s**2 - 46*s + 34. Let j be l(-16). Suppose -2*x + 5*f = -x - 696, -4*x - j*f + 2784 = 0. What is the tens digit of x?
9
Suppose 0 = -81*n + 9*n + 508104. What is the tens digit of n?
5
Suppose x - 3*j = 27, -2*x - 2*x + 159 = 5*j. What is the tens digit of (-48)/(-6) - -31*x?
2
Let y = 265 + 127. Let g = y - 127. What is the tens digit of g?
6
Let k = -263 + 3613. What is the tens digit of k?
5
Let i = 7533 + 2450. What is the tens digit of i?
8
Let y be 2/((-5)/(-15) - (-4)/6). Let t be 4/18 + 32/36*y. Suppose t*h - 141 = -3*h + n, -108 = -4*h + 2*n. What is the tens digit of h?
2
Let u = -19 - -20. Let w(i) = 2*i**2 - i**2 + u - 13*i + 13*i**3 - 12*i**3 + 3. What is the units digit of w(5)?
9
What is the hundreds digit of 122*(-3955)/28*-2?
4
Suppose -2116548 = 9142*t - 9184*t. What is the units digit of t?
4
Suppose -5*f + 21 - 11 = 0. Let b(a) = 4*a**3 + 3*a**2 - a - 1. What is the tens digit of b(f)?
4
Let t(k) = k**3 - 8*k**2 - 19*k + 4. Let j be t(10). Let i(f) = -32*f - 13 + j + 19 + 31*f. What is the tens digit of i(-14)?
3
Suppose -15*u = -41*u + 26. What is the tens digit of (246/(-205))/(((-2)/u)/1790)?
7
Suppose 31 = 4*k - 7*l + 10*l, 4*l = -4*k + 36. Suppose -k*r + 3*g = -997, 2*g - 5*g + 3 = 0. What is the tens digit of r/6 + ((-12)/9)/(-4)?
4
Let h(o) = o**2 - 6*o + 6. Let m be h(6). Let w(b) = 3*b**2 + 75225*b + 2*b**3 - b**3 + 5 - 75229*b - 8*b**2. What is the tens digit of w(m)?
1
Suppose 12 = 2*d + 4. Suppose -d*p - 35 + 7 = 0. What is the units digit of (-4 - p) + 0 + 110?
3
Suppose 4*j = -4, -j + 3 = 3*m + 1. What is the units digit of 141/m - (4 - 6)?
3
Suppose -3510 + 770 = -4*l. Let t = 1198 - l. What is the hundreds digit of t?
5
Let u(y) = 3*y - 2. Let h be u(2). Suppose 0 = -b - 3*k + 985, h*k = -3*b + 8*k + 2890. Suppose -16*r + b = -6*r. What is the tens digit of r?
9
Let f = 141761 + -54908. What is the units digit of f?
3
Let a(o) = 2*o**3 - 14*o**2 - 19*o + 18. Let w be a(7). Let m = 168 + w. What is the units digit of m?
3
Suppose 9*p + 50 = 68. Suppose 3*c = 4*u - 2*u + 2252, 1496 = p*c + 4*u. What is the units digit of c?
0
Let m = -3374 + 5146. Let z = -1070 + m. What is the hundreds digit of z?
7
Let f(n) = n**3 - 18*n**2 + 84*n - 313. What is the thousands digit of f(19)?
1
Suppose -436*d + 318519 = -409*d. What is the ten thousands digit of d?
1
Suppose 3*q + 23 = 21*r - 16*r, -5*r + 4*q + 24 = 0. Suppose -11 = -2*t - 1. Suppose -x - 201 = -2*k - 2*x, 504 = t*k + r*x. What is the units digit of k?
0
Suppose -5*r - 43103 = -2*k, -k + 948 = 2*r - 20608. What is the units digit of k?
4
Let f(b) = b**3 + 7*b**2 + 13*b + 9. Let q be f(-4). Suppose -3203 + 915 = -5*j - 2*c, -5*j + 2295 = -q*c. What is the tens digit of j?
5
Suppose 5*j + 12252 = 4*c + 46399, 2*j - 13651 = -c. What is the hundreds digit of j?
8
Suppose 79*z = 70*z + 402579. What is the hundreds digit of z?
7
Suppose -166*c - 992682 = 146*c - 366*c. What is the tens digit of c?
8
Let l = 8 - 6. Suppose -47*n + 161 = -6278. Suppose -n = -l*f - 53. What is the tens digit of f?
4
Let o(r) = 14*r**2 - 4*r + 4. Let z be o(1). Suppose -15*m + z*m + 90 = 0. What is the units digit of m?
0
What is the units digit of ((-146)/(-11))/((-18)/(-99))?
3
Let l(r) be the second derivative of -r**5/20 - 7*r**4/6 - 8*r**3/3 - 43*r**2/2 + 31*r + 2. What is the tens digit of l(-14)?
8
Suppose -103*j - 57080 = -105*j - 5*f, 4*j = -2*f + 114144. What is the units digit of j?
5
Let f(g) = -3155*g - 1440. What is the thousands digit of f(-3)?
8
Suppose -2*d + 2084 + 9371 = -1723. What is the hundreds digit of d?
5
Let b(g) = -21*g**2 + 4*g - 2. Let f be b(3). Let r = 341 - f. Suppose 0 = -0*p - 4*p - v + 1031, 0 = 2*p - 4*v - r. What is the tens digit of p?
5
Let u = 21075 - 7154. What is the hundreds digit of u?
9
Suppose -12*x = -9238 - 10010. What is the hundreds digit of x?
6
Suppose 12*z = 702 + 14742. Suppose 7*r - z = 4*r. Let l = -197 + r. What is the units digit of l?
2
Let q(b) = b**2 - 1. Let m be q(-5). Let z = m + 30. Let a = 164 - z. What is the hundreds digit of a?
1
Suppose 0 = 3*p + 5*x - 47267 - 18867, 0 = -p + x + 22034. What is the tens digit of p?
3
Suppose 0 = -l + 4, h - 3*h - 5*l = -9568. What is the thousands digit of h?
4
Let l be 7 + 16/(-2) - -1276. Let k = -482 + l. What is the units digit of k?
3
Let v = 21324 - 13728. What is the thousands digit of v?
7
Suppose -3*w = 4*i - 18, -14 = 2*i - 4*i - 4*w. Let h(a) = 361*a - 86. What is the units digit of h(i)?
7
Let f = 46 - 54. Let y be ((-20)/f)/((-15)/(-12)). Let l(r) = 63*r - 19. What is the units digit of l(y)?
7
Suppose 0*d - 3*o - 48 = -2*d, 4 = -o. Let f be (168/d)/(-7)*6/(-4). Suppose 0 = -f*k - 10, -2*u + k + 58 = -k. What is the units digit of u?
4
Suppose 2*t - 2*a = 822 - 234, -2*a + 580 = 2*t. Suppose -5*y = 5, 2*c - t = c - y. What is the units digit of c?
3
What is the units digit of 16*((-38797)/(-22) - 17)?
4
Let w be (-128)/(-3) + 2/(-3). Let u = -1328 - -1398. Let i = u - w. What is the tens digit of i?
2
Suppose 2*u = 5*v - v - 458, 3*v + 2*u = 340. Let z = v + -93. What is the tens digit of z?
2
Suppose 175*g + 709882 = 1750135 + 2021897. What is the hundreds digit of g?
4
Let m(w) = -w**3 + 9*w**2 + 7*w - 12. Suppose 14 = o + o. Let d be o - 1/((-4)/8). What is the tens digit of m(d)?
5
Let q(a) = -34*a + 3. Suppose 0 = 3*j + 1 - 7. Suppose -3 + j = l. What is the units digit of q(l)?
7
What is the tens digit of (-2 + -11)*-1850 - -5?
5
Let h be (2/(-8))/(3/(-4188)). Suppose t = h + 312. What is the hundreds digit of t?
6
What is the hundreds digit of 4286302/259 + (-20)/(-35)?
5
Let d(v) be the first derivative of 8 + 4*v**2 - v + 2/3*v**3. What is the units digit of d(-7)?
1
Suppose -6*j = -0*j. Suppose 2*f + j*p - 3*p - 201 = 0, f - 101 = 2*p. Suppose 2*u = -3*q + f, -q = 4*u - 5*q - 188. What is the units digit of u?
8
Let a be 8/(-10) + (-456)/(-20). Suppose a*n = 12*n + 12160. What is the units digit of n?
6
Suppose -8*i + 101971 = 2643. Suppose -418*s = -410*s - i. What is the tens digit of s?
5
Let x(h) = -2*h**3 + 5*h**2 + 4*h - 4. Let t = -35 - -38. Suppose 0 = -t*v - 0*v - 6. What is the tens digit of x(v)?
2
Let z(s) = -s**3 + 112*s**2 + 107*s - 12. What is the tens digit of z(109)?
9
Suppose -4545 - 275 = -5*b. Let g = b - 348. What is the hundreds digit of g?
6
Let x(w) = 67*w**2 - 6. Let z be x(2). Suppose 9*l - 3545 - z = 0. What is the tens digit of l?
2
Let v(m) = m**3 + 46*m**2 + 47*m - 62. Let c be v(-45). What is the tens digit of ((-2529)/(-12))/((-57)/c)?
6
Suppose 5*j - 4*d = 9*j - 103624, 0 = -2*j + 3*d + 51802. What is the hundreds digit of j?
9
Suppose 0 = -66*j + 339843 + 42627. What is the units digit of j?
5
Suppose -4*q + h + 11 = 0, -q - 5*h + 2*h = 7. What is the units digit of 71 - (0/1)/q?
1
Let m = -8 + 13. Suppose -5*k + 99 = 4*i - 147, m*k + i - 249 = 0. What is the tens digit of k/((-2 + -1)/(-3))?
5
Let c(r) = 3 + 2*r**2 + 78 - r**2. Suppose -2 = -4*j + t, -6*j - 4 = -2*j + 2*t. What is the tens digit of c(j)?
8
Suppose 6*r + 49 = -197. Let f = 270 + r. What is the tens digit of f?
2
Suppose -904*s - 12804 = -907*s + 9477. What is the tens digit of s?
2
Suppose -4*v + 41 = 45. Let o be ((-10)/15)/(v - 7/(-6)). What is the units digit of (5/(-10))/(o/8)?
1
Suppose 196499 + 101346 = 5*o. What is the tens digit of o?
6
Let s = -1320 + 2620. What is the tens digit of s?
0
Suppose 4*u + 3*k = 2*u + 3, u - k + 6 = 0. What is the hundreds digit of ((-5)/3 - u)/((-5)/(-2865))?
7
Let w(k) = -1332*k**2 - 1. Let x be w(-1). Let m = x + 2018. What is the units digit of m?
5
Let z(c) be the first derivative of c**4/4 + 8*c**3 + 5*c**2/2 - 35*c - 16. What is the hundreds digit of z(-22)?
8
Let d be -4*(-3)/(-30) + (-81)/(-15). Let b(n) = 3*n - 11. Let o be b(d). What is the units digit of 2120/28 + o/14?
6
Suppose -5*i + 34*y = 37*y - 376100